e o(v).
5
Let m(w) = 2*w**2 - 8*w + 6. Let t(r) = 2*r - 5*r + 1 + r - 8. Suppose 54 = -6*c - 3*c. Let o be t(c). Give m(o).
16
Let d(b) = -b**2 + 7*b + 3. Let l be d(7). Let r(h) = -h**3 + 6*h + 3 + 1 - l*h. Let m = -17297 - -17300. Calculate r(m).
-14
Let n(b) be the second derivative of b**4/12 + 4*b**3/3 + b**2 + 4*b - 5316. Let r = -19 - -11. Calculate n(r).
2
Suppose -41*m = -14 - 68. Suppose -m*g + 5 = b, 8*g - 6 = 6*g. Let y(l) = -14*l**3 - l**2 - 2*l - 1. What is y(b)?
14
Let i(g) = g + 23*g**2 - 4*g - 6 + 4*g + 5. Let d = -376 - -377. Give i(d).
23
Let n(k) = -36*k - 10. Let r(s) = 123*s + 31. Let p(c) = -7*n(c) - 2*r(c). What is p(-5)?
-22
Let g(m) = m**2 - 17*m + 7. Let s(h) = -271*h + 1100. Let c be s(4). Give g(c).
-9
Let q = 103 + -52. Suppose -q = -4*r - 7. Suppose 5*p - 30 = r*p. Let z(v) = v**3 + 5*v**2 - 2*v. Determine z(p).
10
Let c(k) = -k - 3. Suppose -3 = 3*y - 15. Suppose 2*m = -2*b + 24, y*m = 3*b - m + 4. What is c(b)?
-10
Let x = 2657 + -2653. Let n(q) be the third derivative of -q**6/120 + q**5/10 - q**4/6 - q**3/6 - 8*q**2. What is n(x)?
15
Let v(f) = -25*f**3 + 5*f - 17*f**2 - 2*f + 34*f**2 + 23*f**3 - 18*f**2 + 3. Determine v(-3).
39
Let v(u) = 29*u**3 + 10*u - 7. Let l(j) = 20*j**3 + 7*j - 5. Let p = 226 - 233. Let r(h) = p*l(h) + 5*v(h). Suppose 0 = -4*a - 0 - 4. Give r(a).
-6
Let l(f) = -2*f**2 - f + 2. Suppose -395*r + 5*a = -394*r + 23, -4*r - a - 8 = 0. Calculate l(r).
-13
Let y(m) = m**3 + m**2 + m. Suppose 2*f + 3*i - 11 = 0, 2*f + 8*i - 3*i - 21 = 0. Let b(o) = o**3 - o**2 + 4*o - 3. Let u(k) = f*y(k) + b(k). What is u(-4)?
5
Let u(j) = 1979*j**2 - 11*j + 1 - 989*j**2 - 988*j**2. What is u(7)?
22
Let x(m) = -5*m**2 - 21*m + 8. Let b(c) = -6*c**2 - 23*c + 8. Let y = -207 - -213. Let f(n) = y*b(n) - 7*x(n). Calculate f(7).
6
Let i(a) = -12*a**2 - 153*a - 9. Let g(y) = -10*y**2 - 132*y - 9. Let o(b) = 7*g(b) - 6*i(b). Give o(6).
27
Let d(v) = v**2 - 10*v - 5. Let f(y) = -348*y + 704. Let j be f(2). Determine d(j).
-21
Suppose 5*x + 13 = 38. Suppose -3 = -4*a + m, -3*a + 0*m + 26 = 4*m. Let b(t) = 0*t**2 - 3*t**a + 8*t + 7*t**2 - t**3 - 6. What is b(x)?
9
Let h = -48 + 53. Suppose 0 = -2*t + h*q - 6, -t - 4*t + 16 = 3*q. Let w(o) = -2*o - 4*o + 2*o**t - 1 + 5*o. Calculate w(3).
14
Let i(f) be the third derivative of -5*f**4/24 - 19*f**3/6 - 84*f**2. Calculate i(-7).
16
Let p(o) = 3*o**2 + 3*o + 3. Suppose 3120 = 28*l - 58*l. Let c = l - -102. Calculate p(c).
9
Let n(w) = -8*w**3 - 2*w**2 - w + 52. Let s(b) = -9*b**3 - b**2 - b + 62. Let t(d) = 7*n(d) - 6*s(d). Calculate t(-4).
-4
Let s = 11866 + -11867. Let q(x) = 50*x**2 - 8*x - 1. Determine q(s).
57
Let p(t) be the first derivative of 0*t**2 - 10*t + 3 - 1/6*t**3 - 2/3*t**4. Let j(b) be the first derivative of p(b). What is j(-1)?
-7
Let l(r) = -13*r**3 + 9*r**2 + 2*r**2 + 8 - 30 - 15*r**3 + 29*r**3 - 10*r. Calculate l(-11).
88
Let v(r) be the third derivative of r**5/60 + r**4/12 + r**3/6 + 13*r**2. Let f be v(-3). Let n(l) = 1 + 0*l - 2*l - f*l + 2*l**2. What is n(4)?
9
Let r = 25179 - 25179. Let f(s) = -s**3 - s - 18. Give f(r).
-18
Let k(b) = -114*b + 5. Let t(m) = 90*m - 5. Let n(o) = -4*k(o) - 5*t(o). Give n(2).
17
Let d(r) = -r**3 + 11*r**2 - 16*r + 63. Let b be d(10). Let s(f) = 7*f + 3*f - b*f - 1 - 9*f. Let y be 2/3*(2 + 1). What is s(y)?
-5
Let z(u) = 4*u**2 - 5. Let g(i) be the first derivative of i**3/3 - 3*i - 86. Let c(w) = -5*g(w) + 3*z(w). Determine c(-1).
7
Let g(c) = -16*c**2 + 5*c + 12. Let b(h) = 14*h**2 - 5*h - 11. Let r(j) = -7*b(j) - 6*g(j). Let p(i) = i**2 + 8*i - 28. Let x be p(-11). Give r(x).
-20
Let v = 21054 + -21038. Let s(q) = -q**3 + 17*q**2 - 13*q - 51. Calculate s(v).
-3
Let t(h) = 5*h**2 - 7*h**3 + 34*h + 35*h + 35*h + 8*h**3 - 2 - 108*h. Determine t(-6).
-14
Let z be 111/6*(3 - (-5)/(-1)). Let y = z + 34. Let i(h) = h**2 - 2*h + 4. Let w(n) = n - 1. Let b(u) = i(u) + 4*w(u). What is b(y)?
3
Let f(k) = -347*k**2 + 30*k + 23. Let a(t) = 318*t**2 - 30*t - 22. Let p(h) = 12*a(h) + 11*f(h). Calculate p(-29).
18
Suppose -3*t + 11 = 2*s, 4*t + 13*s - 8*s - 10 = 0. Let h(x) be the first derivative of -x**4/4 + 4*x**3/3 + 7*x**2/2 - 7*x - 4. Give h(t).
3
Suppose -10*o - 94 = -14*o - 2*h, -93 = -5*o + h. Let n(b) = 13*b - 265. Determine n(o).
-5
Let a(m) be the first derivative of m**4/4 - 2*m**3 + 3*m**2 - m + 286. Give a(5).
4
Let l = -3485 + 3479. Let k(q) = -1. Let j(b) = -b - 5. Let n(x) = j(x) + 5*k(x). Calculate n(l).
-4
Let q(g) = -8*g. Let n(s) = -s**3 - 15*s**2 - 24*s + 22. Suppose 2*a - 5*l + 12 = 3*a, -5*a + 5*l - 90 = 0. Let b be n(a). Calculate q(b).
32
Suppose 1253 = -27*u + 1388. Let c(z) be the third derivative of 7/60*z**u - 24*z**2 - 1/120*z**6 - 3/2*z**3 + 0*z + 0 + 1/24*z**4. Give c(7).
-2
Let b(n) = -n + 5. Let d(k) = 6*k - 102. Let g be d(18). Suppose -g*y - 22 = 20. Determine b(y).
12
Let f(w) = -w**3 - 5*w**2 + 4*w - 11. Let s be f(-6). Suppose -5*d = -4*h, 2*d - 3*h + 6 = -s. Let j(o) = o**3 - 4*o**2 + 4*o - 1. Calculate j(d).
15
Let m(d) = -2*d + 16. Suppose -3*g = 4*o - 74, 3*g - 6*g = o - 59. Let s(c) = c**2 - 15*c - 49. Let b be s(g). Determine m(b).
6
Let y be (105/(-28))/(105/(-336)). Let v(d) = d**3 - 11*d**2 - 12*d - 1. Determine v(y).
-1
Let x(t) = 8*t**3 + t**2 - t + 1. Let c(k) = -k**3 - 7*k**2 - 59*k - 317. Let b be c(-6). Determine x(b).
9
Let n(w) = w - 1. Suppose 0 = -5*a - 4*z + 77, 4*z + 17 = -a + 42. Suppose 3*m - a = 4*t, -4*m = -0*t + 5*t - 7. Let y = 7 - m. Give n(y).
3
Let l(a) = a**3 - 7*a**2 + 6*a + 4. Suppose 3*v + 96 + 86 = 2*g, 3*g - 2*v - 278 = 0. Let z = g + -88. Calculate l(z).
4
Let k(g) = -29*g - 1676. Let v(b) = 10*b + 527. Let m(l) = 3*k(l) + 10*v(l). Determine m(-18).
8
Let c be (-1)/(((-6)/(-18))/(8/(-6))). Suppose x - 14 = -q, 3*x - 18 = -c*q + 34. Suppose 0 = 8*g + 30 + q. Let l(h) = h**2 + 6*h + 7. What is l(g)?
2
Let n(a) = -8*a + 74. Let r(f) = -12*f + 111. Let o(v) = -7*n(v) + 5*r(v). Determine o(9).
1
Suppose -2*f = -16*f + 154. Let l be 64/f + (-4)/(-22). Let u(r) = -r**2 + 6*r - 1. Determine u(l).
-1
Let c(t) be the second derivative of -t**4/12 + 5*t**3/2 - 13*t**2/2 - 733*t. Calculate c(10).
37
Let p(b) be the third derivative of -b**4/12 - b**3/3 - b**2. Let k be (15/(-2))/(66/(-44)). Suppose 5*t - 5*h = 15 + k, -3*t = 4*h - 26. Give p(t).
-14
Let k(w) = 4*w**3 - w + 1. Suppose -65 = -7*s + 2*s. Suppose 0 = s*b - 11*b - 42. Suppose 5*r - 26 = -b. Give k(r).
4
Let w(v) be the first derivative of v**3/3 + 3*v**2/2 - 4*v + 1022. Determine w(-4).
0
Let l(r) = 3*r + 5. Suppose 3*p - 6*p = 5*t - 16, -p + 7 = 2*t. Let v be t/(-10)*5*2. What is l(v)?
-10
Let j = -512 + 519. Let m(r) be the first derivative of -5 - 7/2*r**2 - 8*r + 1/3*r**3. What is m(j)?
-8
Let o(s) = 4*s - 11. Let g be 4*(2/20)/((224/360)/14). Give o(g).
25
Let c be 1*-6 + -1 + 0. Let d(b) be the third derivative of b**6/120 + b**5/10 - 5*b**4/12 - b**3/6 + 24*b**2 - 2446*b. Determine d(c).
20
Suppose -20*a + 23*a + 2*s - 31 = 0, 52 = 3*a - s. Let w(x) = -x**2 + 10*x - 32. What is w(a)?
-107
Let f be ((-1)/(-2))/((-1)/72*-6). Let y(q) be the first derivative of q**4/4 - 7*q**3/3 + 4*q**2 + 5*q - 39. Determine y(f).
17
Let x(r) = -64*r + 48. Let m(g) = -226*g + 145. Let l(d) = 2*m(d) - 7*x(d). Calculate l(-15).
14
Let y(b) = b**2 + 3*b + 2. Let h(q) = q**3 - q**2 - 14*q + 18. Let a be h(4). Suppose 40 = a*r + 60. Calculate y(r).
0
Suppose 0 = 4*l - 20, 30*t - 26*t + 82 = 2*l. Let g(a) = -a - 5. Determine g(t).
13
Let m(w) be the second derivative of -w**4/6 + 3*w**3 + 11*w**2/2 + 19*w + 106. Give m(9).
11
Let m(l) be the first derivative of l**4/4 + 11*l**3/3 - 3*l**2/2 - l - 107. Let t(x) = -x**2 + x. Let g(i) = -m(i) - 4*t(i). Let s = -1 - 6. Determine g(s).
8
Let w(y) = 8*y + 15. Let i be w(-1). Let q(n) = n - i*n - 2*n - 4 + 2*n - n**2. Calculate q(-5).
1
Let t(g) = -g - 3. Let r be t(-2). Let y(b) = 142 + 66 - 207 + 17*b**3 + b. Give y(r).
-17
Let a(u) = 3*u - 4. Suppose 4*c + 4*q + 72 = 0, -4*q - 6 - 2 = 0. Let m be (-21 + 18)*(c/6 + -1). Suppose -m*d = -6*d + 30. Give a(d).
-22
Let x(v) = v**3 - 5*v**2 - 2*v + 2. Suppose 0 = 3*i, -7*f + 2*f + i - 5 = 0. Let g be x(f). Let h(a) = -7*a. Calculate h(g).
14
Let p(y) = -10*y**3 - 4*y**2 + 3*y + 3. Let h = 174 - 171. Let x(r) = 10*r**3 + 3*r**